 - 44278 + 86*q + 3*q**3 + 44248 - 2*q**3. What is g(27)?
-3
Let s = -511 - -1096. Suppose 0*g = 15*g - s. Let f = g - 29. Let k(a) = a - 14. What is k(f)?
-4
Let u(c) = 2 + 2442828*c**3 + 0 - 6*c**2 - 2442827*c**3 - 3*c. What is u(5)?
-38
Let c(d) be the second derivative of d**5/60 + 7*d**4/8 + 64*d**3/3 + d**2/2 - 29*d. Let a(k) be the second derivative of c(k). Determine a(-10).
1
Let v(o) = o**3 - 7*o**2 + 3*o - 16. Let y be v(7). Let z(q) be the first derivative of y + 3/2*q**2 - 2*q. Give z(-2).
-8
Let i(d) = -20*d**2 + 77. Let r(k) = 17*k**2 + k - 66. Let q(l) = 6*i(l) + 7*r(l). Calculate q(9).
-18
Let k(b) = 2*b**2 - 18*b + 4. Let y(c) = -4*c**2 + 18*c - 6. Let w(h) = -3*k(h) - 2*y(h). Calculate w(-8).
-16
Let a(m) = -5*m**2 - 6*m + 10. Suppose 6*f + 3*w = 2*f + 34, 5*f + 2*w = 39. Let c(o) = -11*o**2 - 11*o + 20. Let t(y) = f*a(y) - 3*c(y). Calculate t(-7).
-25
Let l(x) be the first derivative of 2*x**3/3 + 15*x**2/2 - 26*x - 3013. Give l(-9).
1
Let m = 5 - 8. Let b(k) = 3*k**2 + 8*k - 2. Let r(l) = 5*l**2 + 15*l - 3. Suppose -4*v + 6 + 10 = 0. Let i(w) = v*r(w) - 7*b(w). Calculate i(m).
-19
Let f = 0 - -2. Let a(j) = -5*j - 5*j**f - 2*j - 2 + 3*j. Suppose -304*s - 56 = -276*s. Give a(s).
-14
Let z(v) be the third derivative of -v**5/60 + v**4/8 + 29*v**3/6 + 3*v**2 + 16*v. Determine z(9).
-25
Suppose -4123 = -1065*o + 1198*o. Let j(w) = -w**3 - 32*w**2 - 28*w + 81. What is j(o)?
-12
Let l(i) = 4850*i**3 - 2*i - 4851*i**3 + 43 + 8*i**2 + 6*i**2. Calculate l(14).
15
Let v(g) = -5*g**2 - 14*g - 14. Let x(y) = -14*y**2 - 41*y - 41. Let f(c) = 11*v(c) - 4*x(c). Suppose -41*n - 2788 = -58*n. Let w = 157 - n. Give f(w).
-11
Let k(l) = -l**2 - 3*l - 4. Let j = -1 + 2. Let a be j*-1 + (-28)/14. Give k(a).
-4
Let l(m) = 13918*m - 785*m**3 + 786*m**3 - 13930*m + 11 - 6*m**2. Give l(8).
43
Let w(o) = o**2 - 25. Let m(k) = 3*k**2 - 30*k + 63. Let i be m(7). Determine w(i).
-25
Let s(p) = 2*p**2 - 8*p + 5. Let l(w) = 7*w**2 + 607*w - 169. Let a be l(-87). Give s(a).
15
Let r(y) = -130*y**2 - 3*y + 53*y**2 - 2*y - 5*y - 3 + 24*y**2 + 52*y**2. Let o be (-34)/3 + (-2)/(-6). Determine r(o).
-14
Let m = 21039 - 21041. Let y(s) = 4*s**2 - 8*s - 26. What is y(m)?
6
Suppose 0 = z + 2*z + 6, 0 = 5*u - 2*z + 11. Let m(v) = -137*v**2 + 75*v + 31. Let h(g) = -21*g**2 + 12*g + 5. Let f(n) = 13*h(n) - 2*m(n). What is f(u)?
-6
Let q(i) = 10*i - 80. Suppose y - 3*n - 4 = 0, -157*y - 2*n + 34 = -154*y. Determine q(y).
20
Let m(u) = 230*u - u**3 - 3*u**2 - 83*u - 73*u + 5 - 73*u. Determine m(-3).
2
Let g(m) be the second derivative of 13*m**5/20 - m**3/6 - m**2/2 - 291*m. Let l(z) = z + 2. Let p be l(-5). Let b = 2 + p. What is g(b)?
-13
Let w(a) be the third derivative of 11*a**6/60 - a**5/60 - a**4/24 - a**3/6 - 9*a**2 - 1. Determine w(-1).
-23
Let i(d) = 13*d**2 + 2*d - 65. Let c(x) = 37*x**2 + 6*x - 183. Let g(p) = 6*c(p) - 17*i(p). Determine g(-3).
10
Suppose 0*v = 4*v - 108. Suppose -h + v = 2*h. Let a(g) = -342*g - 5. Let x(i) = 479*i + 7. Let p(c) = -7*a(c) - 5*x(c). Calculate p(h).
-9
Let k be (10 + -140)*(6/(-4))/(-1). Let y be -3*((-169)/k - (-1)/(-5)). Let u(t) = -2*t - 2*t + 8*t. Determine u(y).
-8
Let q(h) = -2*h**2 + h - 1. Suppose 4*b = 4*n - 16, 10*n = 14*n. Let m(t) = -6*t**2 + 4*t - 3. Let l(y) = b*q(y) + m(y). Determine l(1).
3
Let m(k) = k**2 + k + 11. Let n be 0 + 2 + -16 + 10. Determine m(n).
23
Let c(w) be the third derivative of -w**7/840 - w**6/120 + w**5/30 + w**4/8 - 55*w**3/2 + w**2 + 80. Let v(j) be the first derivative of c(j). Give v(-3).
-9
Suppose o - 10 = 6*o. Let h(v) be the first derivative of 2*v - 1/2*v**2 - 4/3*v**3 + 108. Calculate h(o).
-12
Let q(x) = 8*x - 10*x + 364 - 368 - 5*x - 5*x. Let u = 3 + -6. Give q(u).
32
Suppose -8*o + 2*o + 18 = 0. Suppose 4*j - 6 = o*q, -4*q - 5*j + 25 = q. Let z(i) = -5*i**q + i**2 + 2*i**2 - 8 + 5*i + 3*i**2. Give z(-7).
6
Let s(m) = -11*m**3 - 2375*m**2 - 6*m - 2366*m**2 + 7067*m**2 - 2362*m**2 - 4. Give s(-3).
-13
Let o(i) = 29*i + 1. Let d be 92/(-161) + 1 + 932/14. Let v = 80 - d. Suppose 0 = f - a - 6, 0 = 2*f - 4*a - v - 9. Calculate o(f).
30
Let n(l) = l**2 + 4*l - 4 + 2 - 6*l + 8*l. Suppose 2*o = 6 + 4. Suppose 0 = o*z - 8 + 43. Give n(z).
5
Let n(t) = -t**2 + 65. Let s be n(-7). Let p be ((-40)/s)/(5/4). Let y(a) = a**3 + a**2 - 2*a - 1. Calculate y(p).
-1
Let m = -2 - -2. Let v(w) be the second derivative of 0 + 1/6*w**3 + w**2 - 68*w + 1/12*w**4. What is v(m)?
2
Let o be 1*(8040/130 + (-4)/(-26)). Let p(v) = v - 4*v**3 + 29 + 5*v**3 - o*v**2 + 61*v**2. Determine p(0).
29
Let b(o) be the first derivative of -o**4/4 + 4*o**3 + 15*o - 528. Give b(12).
15
Let d(p) be the first derivative of -4*p + 1/3*p**3 - 7 + 5/2*p**2. Let g(t) = -t**2 - 13*t - 25. Let m be g(-11). Give d(m).
-10
Suppose 5*f = 2*x + f + 2, -5*x = f - 17. Let r(o) be the third derivative of -o**5/60 - o**4/24 + o**3 - 81*o**2. Calculate r(x).
-6
Let v(t) = -2*t**3 - 69*t**2 + 17*t + 1. Let g(r) = -r**3 - 32*r**2 + 8*r + 1. Let j(n) = 13*g(n) - 6*v(n). Determine j(-4).
31
Let n = -317 + 153. Let f = n + 158. Let j(o) be the second derivative of -o**4/12 - o**3 - 3*o**2 - 2*o. Determine j(f).
-6
Suppose 7*i - 9 = 117. Suppose -75 = 8*d + 61. Let s = d + i. Let y(h) = -3*h. Give y(s).
-3
Let w(k) be the second derivative of 0 + 5/12*k**4 - 1/3*k**3 - 1/20*k**5 + 1/2*k**2 + 68*k. Calculate w(2).
9
Let p be 4/(-48)*-3*8. Let d(u) = 3 - 19 + 11 + p*u. Let m be (-6)/21 - (-60)/14. What is d(m)?
3
Let r(w) = -100*w**2 - 10*w + 11. Let i(f) = -43*f**2 - 5*f + 7. Let n(t) = 7*i(t) - 3*r(t). What is n(-5)?
16
Let r(q) = 37*q**2 + 29*q + 25. Let d(w) = 59*w**2 + 44*w + 38. Let y(h) = -5*d(h) + 8*r(h). Determine y(-13).
23
Let g be 2/(18 + -2) + 135/(-120). Let y(u) = 74*u**2 + u. Calculate y(g).
73
Let j(o) = 25*o**3 - 3 - 24*o**3 - 10 + 0*o + 5*o + 5*o + 12*o**2. Suppose 22*v + 121 = -121. Determine j(v).
-2
Let k(w) = 4*w**3 + 12*w**2 + 4*w - 3. Suppose 4*i - 11 = 2*s - 3, -4*s = 4*i + 4. Let d(u) = -u**3 - u**2 - u + 1. Let j(g) = i*k(g) + 5*d(g). Determine j(5).
47
Let p(k) = 3*k + 2*k**2 + 2*k**3 - 220399 - k + 440794 - 220399. Suppose 4*l - 4*t + 20 = 0, -1 = 3*l - 2*t + 12. What is p(l)?
-46
Let w = 4 + -8. Suppose -248 = 73*o - 75*o. Let l(r) = -o*r + 3 + 3*r**2 + r**3 - 1 + 122*r. Calculate l(w).
-6
Let w be (-141)/94*10/(-3). Let d(f) = -f**3 + 4*f**2 + 7*f - 4. Give d(w).
6
Let a be 8*3*(-55)/(-660). Let q(m) = 3*m**3 - 5*m**2 + 5*m - 3. What is q(a)?
11
Let b(p) be the second derivative of 0 + 129*p + 1/20*p**5 - 9/2*p**2 + 1/3*p**3 - 1/2*p**4. Give b(6).
3
Let v be (551/57 - 10)*(-2 + 2/1). Let z(c) = -3*c + 6 + 11 + 2*c. Calculate z(v).
17
Suppose -2*r = 2*b + 3 - 7, -5*r - 6 = -3*b. Suppose -3*s - 17 = 4*k + b*s, 5*k = 3*s + 25. Let v(y) = -1 - k - 4 + y - 3. Determine v(0).
-10
Let x(p) = 27*p - 29. Let j be ((-10)/(-4))/((-585)/(-234)). What is x(j)?
-2
Let n(w) = -w**3 - 34*w**2 + 70*w - 58. Let t = 15113 - 15149. Determine n(t).
14
Let m be (-2)/(-4) + (-378)/(-180) + 6/(-10). Let v(c) be the first derivative of 7*c**2 + c - 1. What is v(m)?
29
Let h(a) = 2*a**3 - 9*a**2 - 5*a - 6. Let r(k) = 2*k**2 - 67*k - 29. Let s be r(34). Give h(s).
-6
Let f(v) = -v**2 - 20*v - 19. Let t be f(-19). Let x be 4/3*((-5)/(-2) - 1). Let n(i) = -4*i**x + 5*i**2 - 1 + 5 + 0*i**2. Give n(t).
4
Let g(d) = -5*d + 4. Let o(r) = -r**3 + 6*r**2 + r + 1. Suppose 0 = -3*p + u + u - 319, p + 5*u + 112 = 0. Let x = 113 + p. Let i be o(x). What is g(i)?
-31
Let b(a) = 6*a**3 + 51*a**2 - 9*a + 51. Let m(w) = 19*w**3 + 151*w**2 - 27*w + 148. Let r(d) = 7*b(d) - 2*m(d). What is r(-14)?
-9
Let n(u) = -u**3 - 39*u**2 - 110*u - 76. Let d be n(-36). Let b(s) = -s**2 - 5*s - 3. Let j(i) = 2*i**2 + 12*i + 6. Let a(p) = 7*b(p) + 3*j(p). Give a(d).
-23
Let g(z) = -25*z + 73. Let r(t) = -46*t + 136. Let u(o) = 11*g(o) - 6*r(o). Let a = 21 + -15. What is u(a)?
-7
Let f(y) = y**3 + 7*y**2 - 4*y - 5. Let x(p) = -2*p**2 - 46*p + 24. Let a be x(-22). Suppose a*t - 7 = 69*t. Calculate f(t).
23
Let c(v) be the third derivative of v**4/24 + 3*v**3 - 64*v**2 + 3. Let d = 1 + -1. Give c(d).
18
Let t(d) be the first derivative of 2*d**3/3 + 5*d**2 - 13*d + 6531. What is t(-9)?
59
Let g(c) be the second derivative of c**3/6 - 8*c**2 - c. Suppose -5*r = 4*